What are the prime factors of 257844?
2, 3, 21487
List the prime factors of 646661.
61, 10601
List the prime factors of 33692306.
2, 43, 113, 3467
List the prime factors of 302723.
302723
List the prime factors of 5205154.
2, 131, 19867
What are the prime factors of 5174970?
2, 3, 5, 17, 73, 139
What are the prime factors of 5044268?
2, 23, 54829
List the prime factors of 2819989.
29, 97241
What are the prime factors of 296127?
3, 13, 2531
List the prime factors of 263373.
3, 11, 23, 347
List the prime factors of 723997.
723997
List the prime factors of 543464.
2, 67933
List the prime factors of 2382417.
3, 97, 2729
What are the prime factors of 148065?
3, 5, 9871
List the prime factors of 231578.
2, 89, 1301
List the prime factors of 548885.
5, 151, 727
What are the prime factors of 928640?
2, 5, 1451
What are the prime factors of 224532?
2, 3, 7, 11
List the prime factors of 7039247.
7039247
List the prime factors of 8276.
2, 2069
What are the prime factors of 68316?
2, 3, 5693
List the prime factors of 1635275.
5, 149, 439
List the prime factors of 8881664.
2, 11, 19, 83
List the prime factors of 3720193.
487, 7639
What are the prime factors of 3372339?
3, 1124113
What are the prime factors of 18962177?
13, 1458629
What are the prime factors of 971130?
2, 3, 5, 32371
List the prime factors of 2798656.
2, 7, 6247
What are the prime factors of 460673?
460673
List the prime factors of 284550.
2, 3, 5, 7, 271
List the prime factors of 15560402.
2, 11, 13, 41, 1327
List the prime factors of 2821183.
2821183
List the prime factors of 7732105.
5, 233, 6637
List the prime factors of 5380316.
2, 1345079
List the prime factors of 549445.
5, 13, 79, 107
List the prime factors of 2414319.
3, 61, 79, 167
What are the prime factors of 4331465?
5, 866293
List the prime factors of 211563.
3, 11, 2137
List the prime factors of 4831569.
3, 59, 337
List the prime factors of 465871.
7, 66553
List the prime factors of 5351753.
11, 17, 28619
List the prime factors of 1423523.
29, 191, 257
What are the prime factors of 1586553?
3, 509, 1039
List the prime factors of 231601.
31, 241
List the prime factors of 3231093.
3, 29, 37139
List the prime factors of 138653.
61, 2273
List the prime factors of 183547.
7, 13, 2017
List the prime factors of 1471775.
5, 17, 3463
What are the prime factors of 752027?
43, 17489
List the prime factors of 187384.
2, 59, 397
List the prime factors of 6896163.
3, 479, 4799
List the prime factors of 229197.
3, 19, 4021
List the prime factors of 14129418.
2, 3, 1231, 1913
What are the prime factors of 664321?
7, 94903
List the prime factors of 261785.
5, 41, 1277
List the prime factors of 433867.
7, 61981
List the prime factors of 5787658.
2, 1439, 2011
What are the prime factors of 31843952?
2, 7, 59, 61, 79
What are the prime factors of 644462?
2, 7, 13, 3541
List the prime factors of 1379513.
1379513
What are the prime factors of 13357118?
2, 47, 142097
List the prime factors of 9199250.
2, 5, 31, 1187
List the prime factors of 3549769.
47, 75527
What are the prime factors of 24998409?
3, 89, 101, 103
List the prime factors of 8049450.
2, 3, 5, 103, 521
List the prime factors of 1206255.
3, 5, 29, 47, 59
List the prime factors of 4807092.
2, 3, 23, 17417
What are the prime factors of 1629113?
23, 193, 367
What are the prime factors of 596911?
7, 269, 317
List the prime factors of 181345.
5, 36269
List the prime factors of 190681.
31, 6151
What are the prime factors of 996510?
2, 3, 5, 59, 563
List the prime factors of 22125414.
2, 3, 347, 10627
What are the prime factors of 11920710?
2, 3, 5, 397357
List the prime factors of 14106091.
41, 269, 1279
List the prime factors of 149630.
2, 5, 13, 1151
What are the prime factors of 2791222?
2, 7, 199373
List the prime factors of 15670230.
2, 3, 5, 89, 5869
List the prime factors of 728774.
2, 109, 3343
List the prime factors of 3515455.
5, 499, 1409
List the prime factors of 1154675.
5, 46187
What are the prime factors of 625360?
2, 5, 7817
List the prime factors of 4971.
3, 1657
What are the prime factors of 1791838?
2, 23, 38953
List the prime factors of 177118.
2, 19, 59, 79
What are the prime factors of 21110424?
2, 3, 37, 23773
List the prime factors of 387727.
387727
List the prime factors of 258078.
2, 3, 43013
What are the prime factors of 22049567?
919, 23993
List the prime factors of 1267695.
3, 5, 11, 13, 197
What are the prime factors of 31891548?
2, 3, 13, 89, 2297
List the prime factors of 238785.
3, 5, 15919
What are the prime factors of 1398720?
2, 3, 5, 31, 47
List the prime factors of 5857272.
2, 3, 23, 131
List the prime factors of 399889.
7, 8161
List the prime factors of 512773.
181, 2833
What are the prime factors of 724885?
5, 7, 139, 149
List the prime factors of 331260.
2, 3, 5, 5521
List the prime factors of 4962569.
4962569
What are the prime factors of 725970?
2, 3, 5, 7, 3457
List the prime factors of 320038.
2, 160019
List the prime factors of 378830.
2, 5, 43, 881
What are the prime factors of 30051141?
3, 19, 37, 14249
What are the prime factors of 32055?
3, 5, 2137
List the prime factors of 6853095.
3, 5, 67, 2273
What are the prime factors of 173778?
2, 3, 11, 2633
List the prime factors of 1634806.
2, 817403
What are the prime factors of 2430523?
2430523
What are the prime factors of 107239?
11, 9749
List the prime factors of 19153921.
19153921
What are the prime factors of 7446692?
2, 11, 169243
List the prime factors of 9032953.
1483, 6091
What are the prime factors of 968791?
19, 50989
What are the prime factors of 10914966?
2, 3, 202129
What are the prime factors of 12502494?
2, 3, 19, 139, 263
List the prime factors of 769574.
2, 13, 29599
List the prime factors of 2128148.
2, 11, 4397
What are the prime factors of 254757?
3, 84919
List the prime factors of 12053563.
1531, 7873
What are the prime factors of 366794?
2, 183397
What are the prime factors of 659396?
2, 17, 9697
What are the prime factors of 1708415?
5, 17, 101, 199
What are the prime factors of 71254?
2, 23, 1549
What are the prime factors of 2769465?
3, 5, 184631
What are the prime factors of 13136406?
2, 3, 37, 47, 1259
List the prime factors of 8262505.
5, 73, 22637
What are the prime factors of 3253784?
2, 173, 2351
What are the prime factors of 790862?
2, 395431
What are the prime factors of 18997?
11, 157
What are the prime factors of 345786?
2, 3, 7, 8233
List the prime factors of 15968736.
2, 3, 7, 89
List the prime factors of 8796723.
3, 13, 59, 3823
What are the prime factors of 535696?
2, 7, 4783
What are the prime factors of 57068?
2, 11, 1297
List the prime factors of 219486.
2, 3, 157, 233
What are the prime factors of 7754390?
2, 5, 7, 110777
List the prime factors of 222769.
367, 607
What are the prime factors of 19122377?
37, 516821
What are the prime factors of 924665?
5, 7, 29, 911
List the prime factors of 535833.
3, 29, 2053
What are the prime factors of 1229200?
2, 5, 7, 439
What are the prime factors of 1066869?
3, 17, 19, 367
What are the prime factors of 3530207?
37, 73, 1307
What are the prime factors of 458870?
2, 5, 45887
What are the prime factors of 250795?
5, 50159
List the prime factors of 8224627.
389, 21143
What are the prime factors of 603920?
2, 5, 7549
List the prime factors of 4394575.
5, 175783
What are the prime factors of 69589?
13, 53, 101
What are the prime factors of 759282?
2, 3, 126547
List the prime factors of 630912.
2, 3, 31, 53
List the prime factors of 4869171.
3, 149, 3631
What are the prime factors of 7044614?
2, 3522307
What are the prime factors of 133146?
2, 3, 13, 569
What are the prime factors of 1135795?
5, 227159
What are the prime factors of 6418644?
2, 3, 277, 1931
List the prime factors of 210617.
11, 41, 467
What are the prime factors of 358719?
3, 109, 1097
What are the prime factors of 589576?
2, 13, 5669
List the prime factors of 503096.
2, 11, 5717
What are the prime factors of 610112?
2, 9533
What are the prime factors of 6605513?
6605513
List the prime factors of 21153899.
13, 17, 37, 199
List the prime factors of 102982.
2, 11, 31, 151
What are the prime factors of 79255?
5, 11, 131
What are the prime factors of 3602279?
3602279
List the prime factors of 8179116.
2, 3, 11, 43, 131
What are the prime factors of 223